2. Suppose -k = 2*h - 3*k + 6, -2*h + 5*k - 21 = w. Suppose 0 = -2*i - 6, -6*q + 45 = -h*q - 3*i. What is the units digit of q?
9
Suppose 3*l + 3*t = 7 + 14, 3*l - 4*t = 0. Suppose -25 = l*s - 3*i - 87, 4*i = -s + 25. Let q = -12 + s. What is the units digit of q?
5
Suppose -x + 43 = 5*o, 315 = 4*x + x + 5*o. Suppose 4*m = 2*m + x. Let s = -21 + m. What is the tens digit of s?
1
Let a = -2459 - -4717. What is the tens digit of a?
5
What is the thousands digit of (-2)/1*(-50577)/46?
2
Suppose 6*j + 5597 = 5*y + 3*j, -y - j + 1113 = 0. What is the hundreds digit of y?
1
What is the hundreds digit of 1584/(4/2) - -6?
7
Let h = 477 + 243. What is the units digit of h?
0
Suppose 5*g - 4*l = -0*g + 638, -2*g + 257 = -l. Let u = g - 61. What is the units digit of u?
9
Let b be 2/4*(-66)/(-3). Let r = b + -11. Suppose -5*g = -r*g - 80. What is the tens digit of g?
1
Let b be 335/20 + (-1)/(-4). Let j be (-3)/6*0/2. Suppose j = -3*y + 4*y - b. What is the tens digit of y?
1
Let d(a) = a**3 + 21*a**2 + 19*a - 54. What is the units digit of d(-15)?
1
Suppose 4*z = -20 - 72. Let d = 70 + z. What is the units digit of d?
7
Let d(p) = -16*p + 23. Let a be d(-9). Suppose 7*o - 407 = a. What is the tens digit of o?
8
Let c be -1041*(10/(-6))/5 - -3. Suppose 3*h = d + 209, 5*h + 2*d - 13 = c. What is the tens digit of h?
7
Suppose 0 = -5*u - 4*s + 4827, -2*u + s - 2*s + 1929 = 0. What is the units digit of u?
3
Suppose 5*y + 5*o = 50, -y + 8 = -3*o + 5*o. Suppose y*z - 84 = 10*z. What is the units digit of z?
2
Suppose 8*z - 1251 = 3509. What is the tens digit of z?
9
Let o(b) = b**3 - 17*b**2 - 3*b - 9. Let k(w) = -w**3 + 17*w**2 + 2*w + 9. Let n(t) = -4*k(t) - 3*o(t). What is the units digit of n(17)?
8
Let c be 1*2/6*3. Let x(z) = 4*z - 2. Let t be x(c). Suppose 3*m - 2*n - 54 = -0*m, -26 = -m - t*n. What is the units digit of m?
0
Let d(z) = -z**3 + 13*z + 9*z**2 - 7*z + 5*z + 9 - 1. What is the tens digit of d(10)?
1
Let f(y) = -4*y - 23. Let a be f(-7). Suppose 3*t - 4*t = a*d - 118, -5*t + 620 = -5*d. What is the units digit of t?
3
Let o(d) = -d**2 - 15*d - 34. Let q be o(-3). Suppose 756 = -q*h + 5*h. What is the tens digit of h?
5
Let k = -47 - -32. Let p be 8*5/(k/(-6)). Suppose u - 4 - p = 0. What is the units digit of u?
0
Suppose -4*r + 2872 = 648. What is the tens digit of r?
5
Suppose -25*g + 1810 = -20*g. What is the units digit of g?
2
Let l = 37 + -37. Suppose l = -4*p + 49 + 191. What is the units digit of p?
0
Suppose 83*a - 63*a = 110000. What is the hundreds digit of a?
5
Suppose -289*m + 286*m - 4*z + 5063 = 0, 4*z = -4*m + 6752. What is the thousands digit of m?
1
What is the thousands digit of (-2)/(-7) + (-239445)/(-63) + -12?
3
Suppose 20 = 5*q - 0*q. Let o = 215 - q. What is the hundreds digit of o?
2
Suppose -3276 = -4*z - 6*v + 2*v, 5*v = -2*z + 1626. What is the tens digit of z?
2
Let w be 12*(0 - 12)/(-4). Let k = w - -13. What is the units digit of k?
9
Let t be ((-3)/(-2))/((-8)/112). Let h = t - -36. What is the tens digit of h?
1
Suppose 0 = 11*r - 16*r + 655. Suppose 0 = -3*g - 4*n - 0*n + r, 3*g - 2*n - 155 = 0. What is the units digit of g?
9
Let y = -953 - -1946. What is the units digit of y?
3
Let k(d) = -d - 12. Let w be k(-12). Suppose 3*z + 6 = w, 3*n - z = -8 + 187. What is the tens digit of -3 - n*(0 + -1)?
5
Let c(s) = -s**2 + 8*s + 14. Let m be c(11). Let p = m - -29. Suppose p*k - 5*k - 335 = 0. What is the units digit of k?
7
Suppose 1099*t - 28495 = 1094*t. What is the tens digit of t?
9
Suppose 4*b + j = 68, -4*b + b + 40 = -2*j. Suppose 0 = w - 2*w + b. Suppose -w = -2*t - 12. What is the units digit of t?
2
Suppose -852 = -2*m - 78. What is the units digit of m?
7
Let v be ((-6)/(-6))/((-2)/(-22)). Let w = v + -6. Suppose -3*j + 96 = -3*i, -w*j - i + 163 = -3*i. What is the tens digit of j?
3
Let p(m) = -m**3 - 6*m**2 + 9*m - 18. What is the tens digit of p(-8)?
3
Suppose 2*l = -d - 3*d + 1126, 2*l + 3*d - 1125 = 0. What is the tens digit of l?
6
Suppose -5*j + 24 = -2*z, -3*j = z - 2*z - 14. What is the units digit of j?
4
Let c(n) = 19*n**2 + 9*n + 13. Suppose 7*i = -5 - 23. What is the hundreds digit of c(i)?
2
Suppose -3*m + 2*b - 5*b - 3 = 0, -m = 5*b + 13. Suppose -m*w - w + 3*z = 57, -z = 5*w + 83. Let x = w - -48. What is the units digit of x?
1
Let y(s) = 2*s**3 - 7*s**2 - s. What is the hundreds digit of y(6)?
1
Let w(o) = 357*o**2 + 24*o - 18. What is the units digit of w(3)?
7
Suppose 0 = 5*f - 3*x - 2178, 13*x - 17*x = -4*f + 1736. What is the hundreds digit of f?
4
Suppose 4*p + 4*k = -k - 11, 4*p - 1 = -k. What is the tens digit of (-7)/p*(-6 + 2)?
2
Suppose 0 = 5*c + 3*i - 20, 0 = -7*c + 4*c + 3*i + 36. Let y = c - 4. Suppose 0 = 7*n - 3*n + 20, -2*n + 44 = y*h. What is the units digit of h?
8
What is the units digit of 1 - -220 - 1*(-11 - -10)?
2
Suppose -2*f - 5*l + 41 = f, 2*f + 4*l = 24. Let s = f - 8. Suppose -t + 5*c - 2*c + s = 0, -c + 3 = 0. What is the units digit of t?
3
Suppose -4*u - 2*z = -2, -5*z = 5*u - 3*z - 5. Suppose -2*v = u*m - 181, -84 = -v + 5*m - 0*m. What is the units digit of v?
9
Let q = -449 - -1431. What is the units digit of q?
2
Let j(z) = 29*z - 12. Let w(y) = 86*y - 36. Let a(n) = 11*j(n) - 4*w(n). What is the hundreds digit of a(-4)?
1
Suppose -f - 6 = -3*f. Suppose 5*t + f*n - 159 = 0, -2*t + 5*n + 61 + 15 = 0. What is the tens digit of t?
3
Suppose 2*x + 10 = -0*x - 4*v, 4*v + 19 = -3*x. Let g(a) = 3*a. Let t be g(4). Let c = x + t. What is the units digit of c?
3
Suppose 0 = -2*x + 7*x - 15. Let r = 17 - x. What is the units digit of r?
4
Suppose -4*v - 1716 = -4*d, 199 = 2*d + 5*v - 624. What is the units digit of d?
4
Suppose -10 = -3*i + 2. Let z(m) = 7 + 14*m + 7*m**2 - i*m + m**3 - 5*m. What is the tens digit of z(-5)?
3
Let u be -10*1 + 2 + -5. Let f = 10 - u. Let y = f + -14. What is the units digit of y?
9
Suppose 9117 + 5366 = 7*i. What is the units digit of i?
9
Let s = -63 + 63. Suppose s = 6*x - 3 - 195. What is the units digit of x?
3
Let v(l) = -l**3 + 2*l**2 + 3*l + 6. Let k be v(5). Let z = 83 + k. What is the units digit of z?
9
Suppose -1953 = 78*g - 81*g. What is the tens digit of g?
5
Let r(w) = -4*w + 23. Let l be r(5). Let n = l - -96. What is the tens digit of n?
9
Let b(u) = 88*u - 110. What is the tens digit of b(7)?
0
Suppose -25744 = -5*y + t, 4*t = -4*y + 11179 + 9421. What is the units digit of y?
9
Let r(u) be the first derivative of u**4/24 - u**3/6 + 2*u**2 - 4. Let p(j) be the second derivative of r(j). What is the units digit of p(8)?
7
Suppose -6*h + 72 = -2*h. Suppose h = 4*n - 2*n. Let g = n - 4. What is the units digit of g?
5
What is the hundreds digit of 1099 - ((-66)/(-11))/(-1)?
1
Let p(f) = -5*f**3 + 1. Let g be p(-1). Let t be (2/g)/(15/(-90)). What is the tens digit of 2/(0 - t) + 12?
1
Suppose -3*v + 285 = 4*m, 3*m = 4*v - 3*v + 217. Let b(n) = n**2 + 24*n + 80. Let z be b(-17). Let r = z + m. What is the tens digit of r?
3
Suppose 3*h = 226 + 2852. What is the tens digit of h?
2
Let l = -62 + 49. Let t = l - -21. What is the units digit of t?
8
Let j = 6 + -8. Let o be (j/(-6))/(3/54). Let c = o + -2. What is the units digit of c?
4
Let h(t) = -2*t + 6. Let b be h(-4). Suppose -b = i + 4. Let s = 22 + i. What is the units digit of s?
4
What is the units digit of -5 + 2 + 1163 - -7?
7
Let f(r) = r**2 - 5*r**3 - 50 + r - 4 + 4*r**3 - 5. Let p be f(0). Let b = p - -132. What is the units digit of b?
3
What is the units digit of (2 + -14)*-1*(-477)/(-12)?
7
Suppose 458 + 82 = 12*a. What is the tens digit of a?
4
What is the units digit of 22/(-4) - (-99900)/200?
4
Suppose 5*f + 15 = 4*z + 36, 3*z = f - 2. Suppose -3 = 2*n - z. Let h = 28 - n. What is the units digit of h?
9
What is the tens digit of (-10)/(-14) + -1 - 2566/(-14)?
8
Suppose -616 = 4*q - 24. What is the hundreds digit of 5*5/(-5) - q?
1
Let g = -312 - -632. Suppose -6*y - g = -10*y. What is the tens digit of y?
8
What is the units digit of (9/(-6))/(-1)*78/9?
3
Suppose 1040 = -32*f + 40*f. What is the units digit of f?
0
Let r = -1448 - -2594. What is the thousands digit of r?
1
Suppose -12*g + 8*g = 156. Let h = -25 - g. Suppose -y + h = y. What is the units digit of y?
7
Let k = 1131 + -728. What is the hundreds digit of k?
4
Let o(k) be the